{"id":18,"date":"2020-05-01T20:18:22","date_gmt":"2020-05-01T20:18:22","guid":{"rendered":"http:\/\/www.dvero.es\/?page_id=18"},"modified":"2020-06-20T21:36:20","modified_gmt":"2020-06-20T21:36:20","slug":"acerca-de","status":"publish","type":"page","link":"https:\/\/www.dvero.es\/?page_id=18","title":{"rendered":"Que hacemos"},"content":{"rendered":"\n<p>Te invitamos a conocer nuestros servicios de peluquer\u00eda moderna y diferente y c\u00f3mo nos dirigimos a todo tipo de clientes y p\u00fablicos, asesorando seg\u00fan la morfolog\u00eda de su rostro, estilo y personalidad, teniendo en cuenta el visajismo para conseguir los mejores resultados y la plena satisfacci\u00f3n de quienes nos visitan.<\/p>\n\n\n\n<p>Desde que abrimos nuestro sal\u00f3n, hemos trabajado por crear un centro donde compartir la experiencia adquirida tras a\u00f1os de trabajo en diferentes partes del mundo. Por eso, ponemos al servicio de nuestros clientes todos nuestros conocimientos en materia de imagen personal para unir las mejores t\u00e9cnicas con los resultados m\u00e1s \u00f3ptimos dentro de un espacio de belleza moderno y din\u00e1mico.<\/p>\n\n\n\n<p>Contamos con profesionales con amplia experiencia en el sector, que capitaneados por Diana Ver\u00f3nica, su directora creativa, ayudan a quienes nos visitan a conseguir una imagen actual, \u00fanica y con la que se sientan ellos mismos.<\/p>\n\n\n\n<p><\/p>\n","protected":false},"excerpt":{"rendered":"<p>Te invitamos a conocer nuestros servicios de peluquer\u00eda moderna y diferente y c\u00f3mo nos dirigimos a todo tipo de clientes y p\u00fablicos, asesorando seg\u00fan la morfolog\u00eda de su rostro, estilo y personalidad, teniendo en cuenta el visajismo para conseguir los mejores resultados y la plena satisfacci\u00f3n de quienes nos visitan. Desde que abrimos nuestro sal\u00f3n, hemos trabajado por crear un centro donde compartir la experiencia adquirida tras a\u00f1os de trabajo en diferentes partes del mundo. Por eso, ponemos al servicio de nuestros clientes todos nuestros conocimientos en materia de imagen personal para unir las mejores t\u00e9cnicas con los resultados m\u00e1s \u00f3ptimos dentro de un espacio de belleza moderno y din\u00e1mico. Contamos con profesionales con amplia experiencia en el sector, que capitaneados por Diana Ver\u00f3nica, su directora creativa, ayudan a quienes nos visitan a conseguir una imagen actual, \u00fanica y con la que se sientan ellos mismos.<\/p>\n","protected":false},"author":1,"featured_media":0,"parent":0,"menu_order":0,"comment_status":"closed","ping_status":"closed","template":"","meta":{"footnotes":""},"class_list":["post-18","page","type-page","status-publish","hentry"],"jetpack_sharing_enabled":true,"_links":{"self":[{"href":"https:\/\/www.dvero.es\/index.php?rest_route=\/wp\/v2\/pages\/18","targetHints":{"allow":["GET"]}}],"collection":[{"href":"https:\/\/www.dvero.es\/index.php?rest_route=\/wp\/v2\/pages"}],"about":[{"href":"https:\/\/www.dvero.es\/index.php?rest_route=\/wp\/v2\/types\/page"}],"author":[{"embeddable":true,"href":"https:\/\/www.dvero.es\/index.php?rest_route=\/wp\/v2\/users\/1"}],"replies":[{"embeddable":true,"href":"https:\/\/www.dvero.es\/index.php?rest_route=%2Fwp%2Fv2%2Fcomments&post=18"}],"version-history":[{"count":5,"href":"https:\/\/www.dvero.es\/index.php?rest_route=\/wp\/v2\/pages\/18\/revisions"}],"predecessor-version":[{"id":112,"href":"https:\/\/www.dvero.es\/index.php?rest_route=\/wp\/v2\/pages\/18\/revisions\/112"}],"wp:attachment":[{"href":"https:\/\/www.dvero.es\/index.php?rest_route=%2Fwp%2Fv2%2Fmedia&parent=18"}],"curies":[{"name":"wp","href":"https:\/\/api.w.org\/{rel}","templated":true}]}}

<p>Te invitamos a conocer nuestros servicios de peluquería moderna y diferente y cómo nos dirigimos a todo tipo de clientes y públicos, asesorando según la morfología de su rostro, estilo y personalidad, teniendo en cuenta el visajismo para conseguir los mejores resultados y la plena satisfacción de quienes nos visitan.</p>



<p>Desde que abrimos nuestro salón, hemos trabajado por crear un centro donde compartir la experiencia adquirida tras años de trabajo en diferentes partes del mundo. Por eso, ponemos al servicio de nuestros clientes todos nuestros conocimientos en materia de imagen personal para unir las mejores técnicas con los resultados más óptimos dentro de un espacio de belleza moderno y dinámico.</p>



<p>Contamos con profesionales con amplia experiencia en el sector, que capitaneados por Diana Verónica, su directora creativa, ayudan a quienes nos visitan a conseguir una imagen actual, única y con la que se sientan ellos mismos.</p>



<p></p>

<p>Te invitamos a conocer nuestros servicios de peluquería moderna y diferente y cómo nos dirigimos a todo tipo de clientes y públicos, asesorando según la morfología de su rostro, estilo y personalidad, teniendo en cuenta el visajismo para conseguir los mejores resultados y la plena satisfacción de quienes nos visitan. Desde que abrimos nuestro salón, hemos trabajado por crear un centro donde compartir la experiencia adquirida tras años de trabajo en diferentes partes del mundo. Por eso, ponemos al servicio de nuestros clientes todos nuestros conocimientos en materia de imagen personal para unir las mejores técnicas con los resultados más óptimos dentro de un espacio de belleza moderno y dinámico. Contamos con profesionales con amplia experiencia en el sector, que capitaneados por Diana Verónica, su directora creativa, ayudan a quienes nos visitan a conseguir una imagen actual, única y con la que se sientan ellos mismos.</p>
